{"id":294,"date":"2025-12-15T11:49:34","date_gmt":"2025-12-15T10:49:34","guid":{"rendered":"https:\/\/divi.zae.pl\/?page_id=294"},"modified":"2026-04-14T13:09:39","modified_gmt":"2026-04-14T11:09:39","slug":"serwis-automatyki-szr","status":"publish","type":"page","link":"https:\/\/divi.zae.pl\/index.php\/serwis-automatyki-szr\/","title":{"rendered":"Serwis automatyki SZR"},"content":{"rendered":"\n<div class=\"et_pb_section_0 et_pb_section et_section_regular et_block_section preset--module--divi-section--default\"><div class=\"et_pb_row_0 et_pb_row et_block_row\"><div class=\"et_pb_column_0 et_pb_column et_pb_column_4_4 et-last-child et_block_column et_pb_css_mix_blend_mode_passthrough\"><div class=\"et_pb_heading_0 et_pb_heading et_pb_module et_block_module preset--module--divi-heading--a981e6ca-7fd8-45e6-9c38-41ce8df70846\"><div class=\"et_pb_heading_container\"><h1 class=\"et_pb_module_header\">Serwis automatyki SZR<\/h1><\/div><\/div><\/div><\/div><div class=\"et_pb_row_1 et_pb_row et_block_row\"><div class=\"et_pb_column_1 et_pb_column et_pb_column_4_4 et-last-child et_block_column et_pb_css_mix_blend_mode_passthrough\"><div class=\"et_pb_text_0 et_pb_text et_pb_bg_layout_light et_pb_module et_block_module preset--module--divi-text--default\"><div class=\"et_pb_text_inner\"><p class=\"bodytext\">Wdra\u017camy, uruchamiamy, testujemy, prowadzimy diagnostyk\u0119 i kontrol\u0119 produkowanych przez nas urz\u0105dze\u0144. Jako producent automatyki SZR proponujemy us\u0142ug\u0119 serwisow\u0105 polegaj\u0105c\u0105 na sprawdzeniu przez zesp\u00f3\u0142 naszych technik\u00f3w ustawie\u0144 parametr\u00f3w oraz poprawno\u015bci dzia\u0142ania zainstalowanych u Pa\u0144stwa urz\u0105dze\u0144 SZR, co da Pa\u0144stwu gwarancj\u0119 wysokiej sprawno\u015bci oraz niezawodno\u015bci sprz\u0119tu w ka\u017cdym momencie.<\/p>\n<p class=\"bodytext\"><b>Przegl\u0105d prowadzony na obiekcie obejmuje:<\/b><\/p>\n<p class=\"bodytext\">Sprawdzenie stanu technicznego element\u00f3w uk\u0142adu SZR w tym:<\/p>\n<ul>\n<li>obwod\u00f3w pomiaru napi\u0119\u0107 tor\u00f3w zasilaj\u0105cych,<\/li>\n<li>obwod\u00f3w odwzorowania po\u0142o\u017cenia element\u00f3w komutacyjnych (wy\u0142\u0105czniki, styczniki),<\/li>\n<li>blokad elektrycznych i mechanicznych,<\/li>\n<li>obwod\u00f3w sterowania r\u0119cznego i automatycznego element\u00f3w komutacyjnych,<\/li>\n<li>obwod\u00f3w wy\u0142\u0105czenia awaryjnego,<\/li>\n<li>uk\u0142adu wyboru napi\u0119cia steruj\u0105cego i zasilania automatu,<\/li>\n<li>zasilacza bezprzerwowego,<\/li>\n<li>przeka\u017anik\u00f3w po\u015brednicz\u0105cych i powielaj\u0105cych sygna\u0142y,<\/li>\n<li>obwod\u00f3w startu zespo\u0142u pr\u0105dotw\u00f3rczego,<\/li>\n<li>sygnalizacji lokalnej i zdalnej,\u00a0<\/li>\n<li>nap\u0119d\u00f3w silnikowych wy\u0142\u0105cznik\u00f3w,<\/li>\n<li>obwod\u00f3w odci\u0105\u017cania.<\/li>\n<\/ul>\n<p class=\"bodytext\">Wykonanie pr\u00f3b funkcjonalnych:<\/p>\n<ul>\n<li>praca r\u0119czna \u2013 za\u0142\u0105czenia i wy\u0142\u0105czenia element\u00f3w komutacyjnych, start i zatrzymanie zespo\u0142u pr\u0105dotw\u00f3rczego,<\/li>\n<li>wy\u0142\u0105czenie awaryjne,<\/li>\n<li>praca automatyczna,<\/li>\n<li>normalna,<\/li>\n<li>rezerwowa. \u00a0 \u00a0 \u00a0 \u00a0 \u00a0 \u00a0 \u00a0 \u00a0<\/li>\n<\/ul>\n<p class=\"bodytext\">Badanie uk\u0142adu SZR potwierdzone jest raportem wykonanych prac dopuszczaj\u0105cym uk\u0142ad do eksploatacji.<\/p>\n<\/div><\/div><\/div><\/div><\/div>\n","protected":false},"excerpt":{"rendered":"","protected":false},"author":2,"featured_media":0,"parent":0,"menu_order":0,"comment_status":"closed","ping_status":"closed","template":"","meta":{"footnotes":""},"class_list":["post-294","page","type-page","status-publish","hentry"],"_links":{"self":[{"href":"https:\/\/divi.zae.pl\/index.php\/wp-json\/wp\/v2\/pages\/294","targetHints":{"allow":["GET"]}}],"collection":[{"href":"https:\/\/divi.zae.pl\/index.php\/wp-json\/wp\/v2\/pages"}],"about":[{"href":"https:\/\/divi.zae.pl\/index.php\/wp-json\/wp\/v2\/types\/page"}],"author":[{"embeddable":true,"href":"https:\/\/divi.zae.pl\/index.php\/wp-json\/wp\/v2\/users\/2"}],"replies":[{"embeddable":true,"href":"https:\/\/divi.zae.pl\/index.php\/wp-json\/wp\/v2\/comments?post=294"}],"version-history":[{"count":3,"href":"https:\/\/divi.zae.pl\/index.php\/wp-json\/wp\/v2\/pages\/294\/revisions"}],"predecessor-version":[{"id":803,"href":"https:\/\/divi.zae.pl\/index.php\/wp-json\/wp\/v2\/pages\/294\/revisions\/803"}],"wp:attachment":[{"href":"https:\/\/divi.zae.pl\/index.php\/wp-json\/wp\/v2\/media?parent=294"}],"curies":[{"name":"wp","href":"https:\/\/api.w.org\/{rel}","templated":true}]}}