{"id":271,"date":"2025-12-15T11:44:59","date_gmt":"2025-12-15T10:44:59","guid":{"rendered":"https:\/\/divi.zae.pl\/?page_id=271"},"modified":"2026-04-14T13:09:35","modified_gmt":"2026-04-14T11:09:35","slug":"cpz-4zr","status":"publish","type":"page","link":"https:\/\/divi.zae.pl\/index.php\/cpz-4zr\/","title":{"rendered":"CPZ-4ZR"},"content":{"rendered":"\n<div class=\"et_pb_section_0 et_pb_section et_section_regular et_block_section preset--module--divi-section--default\"><span class=\"et_pb_background_mask\"><\/span><div class=\"et_pb_row_0 et_pb_row et_block_row\"><div class=\"et_pb_column_0 et_pb_column et_pb_column_4_4 et-last-child et_block_column et_pb_css_mix_blend_mode_passthrough\"><div class=\"et_pb_heading_0 et_pb_heading et_pb_module et_block_module preset--module--divi-heading--a981e6ca-7fd8-45e6-9c38-41ce8df70846\"><div class=\"et_pb_heading_container\"><h1 class=\"et_pb_module_header\">CPZ-4ZR<\/h1><\/div><\/div><\/div><\/div><div class=\"et_pb_row_1 et_pb_row et_block_row\"><div class=\"et_pb_column_1 et_pb_column et_pb_column_1_2 et_block_column et_pb_css_mix_blend_mode_passthrough\"><div class=\"et_pb_module et_pb_button_module_wrapper et_pb_button_0_wrapper preset--module--divi-button--default_wrapper\"><a class=\"et_pb_button_0 et_pb_button et_pb_bg_layout_light et_pb_module et_block_module preset--module--divi-button--default\" href=\"https:\/\/divi.zae.pl\/wp-content\/uploads\/2025\/12\/Broszura_-Radiowy_system_sygnalizacji_zwarc_w_zlaczach_kablowych_SN_-_CPZ-4ZR.pdf\">Pobierz dokumentacj\u0119 techniczno-rozruchow\u0105<\/a><\/div><\/div><div class=\"et_pb_column_2 et_pb_column et_pb_column_1_2 et-last-child et_block_column et_pb_css_mix_blend_mode_passthrough\"><div class=\"et_pb_module et_pb_button_module_wrapper et_pb_button_1_wrapper preset--module--divi-button--default_wrapper\"><a class=\"et_pb_button_1 et_pb_button et_pb_bg_layout_light et_pb_module et_block_module preset--module--divi-button--default\" href=\"https:\/\/divi.zae.pl\/wp-content\/uploads\/2025\/12\/Broszura_-Radiowy_system_sygnalizacji_zwarc_w_zlaczach_kablowych_SN_-_CPZ-4ZR.pdf\">Pobierz broszur\u0119<\/a><\/div><\/div><\/div><div class=\"et_pb_row_2 et_pb_row et_block_row\"><div class=\"et_pb_column_3 et_pb_column et_pb_column_4_4 et-last-child et_block_column et_pb_css_mix_blend_mode_passthrough\"><div class=\"et_pb_text_0 et_pb_text et_pb_bg_layout_light et_pb_module et_block_module preset--module--divi-text--default\"><div class=\"et_pb_text_inner\"><div id=\"c724\" class=\"csc-default\">\n<p class=\"bodytext\">Nowo\u015b\u0107!!! Sygnalizator CPZ<sup>\u00ae<\/sup>-4ZR dedykowany do z\u0142\u0105cz kablowych SN z radiow\u0105 komunikacj\u0105 do SCADA.<\/p>\n<p class=\"bodytext\">\n<\/div>\n<div id=\"c722\" class=\"csc-default\">\n<div class=\"csc-header csc-header-n3\">\n<h4>Sygnalizatory CPZ\u00ae w sieciach kablowych SN z radiow\u0105 komunikacj\u0105 do SCADA<\/h4>\n<\/div>\n<p class=\"bodytext\"><b>Sygnalizatory zwar\u0107 bez zewn\u0119trznych \u017ar\u00f3de\u0142 zasilania w obiektach sieci SN do transmisji danych wykorzystuj\u0105 modu\u0142y radiowe w technologii LoRaWAN.<\/b><\/p>\n<p class=\"bodytext\">OSD realizuj\u0105 plany modernizacji infrastruktury zapewniaj\u0105ce popraw\u0119 wska\u017anik\u00f3w SAIDI i SAIFI. Jest to wynik obowi\u0105zuj\u0105cych regulacji na\u0142o\u017conych przez URE na dzia\u0142aj\u0105cych w Polsce operator\u00f3w. Z prostych analiz wynika, \u017ce najcz\u0119stsz\u0105 przyczyn\u0105 z\u0142ych wska\u017anik\u00f3w s\u0105 awarie w sieci \u015bredniego napi\u0119cia. I co oczywiste, w obszarze sieci SN dzieje si\u0119 najwi\u0119cej. Strategie na dzia\u0142anie zgodnie z modelem Regulacji Jako\u015bciowej s\u0105 r\u00f3\u017cne, ale w wi\u0119kszo\u015bci koncentruj\u0105 si\u0119 one wok\u00f3\u0142 modernizacji stacji SN lub budowy nowych, wyposa\u017conych w urz\u0105dzenia telemechaniki w celu realizacji funkcji FDIR (ang. Fault Detection, Isolation and Restoration). Na rysunku poni\u017cej przedstawiono uproszczony schemat sieci SN z sygnalizatorami do detekcji zwar\u0107 umieszczonymi w stacjach transformatorowych i z\u0142\u0105czach kablowych. Grafika obrazuje ide\u0119 wyznaczania miejsca wyst\u0105pienia np. doziemienia. Realizowana na podstawie wskaza\u0144 przebudowa sieci polegaj\u0105ca na wy\u0142\u0105czeniu odcinka dotkni\u0119tego awari\u0105 i za\u0142\u0105czenia pozosta\u0142ej cz\u0119\u015bci sieci w czasie nie przekraczaj\u0105cym 3 minut mo\u017cliwa jest dzi\u0119ki zautomatyzowanym systemom. Do dzia\u0142ania potrzebuj\u0105 one element\u00f3w wykonawczych i danych o stanie sieci. Nowe lub zmodernizowane obiekty wyposa\u017cane s\u0105 w urz\u0105dzenia telemechaniki zapewniaj\u0105ce tak\u0105 kontrol\u0119 sieci. Wszystkie urz\u0105dzenia wymagaj\u0105 zasilania ze \u017ar\u00f3de\u0142 gwarantuj\u0105cych ci\u0105g\u0142o\u015b\u0107 pracy przez kilkadziesi\u0105t godzin, niezale\u017cnie od stanu sieci SN. Wykonanie uk\u0142ad\u00f3w zasilania w obiektach, gdzie jest dost\u0119pne niskie napi\u0119cie, jest prostsze, ale wymaga rozwi\u0105za\u0144 typu UPS i akumulator\u00f3w. Jeszcze trudniej jest tam, gdzie nie ma \u017ar\u00f3d\u0142a nn. W takim przypadku mo\u017cliwym rozwi\u0105zaniem jest transformator potrzeb w\u0142asnych. Jego monta\u017c wymaga zaplanowania przestrzeni, w kt\u00f3rej b\u0119dzie umieszczony. W z\u0142\u0105czach kablowych mo\u017ce to by\u0107 trudne i powodowa\u0107 dodatkowe koszty. Innym wyzwaniem, z jakim trzeba si\u0119 zmierzy\u0107, s\u0105 warunki eksploatacji akumulator\u00f3w. Bywaj\u0105 one skrajnie trudne, a w\u00f3wczas niska i wysoka temperatura znacz\u0105co skraca ich \u017cywotno\u015b\u0107. Dodatkowo obs\u0142uga serwisowa takich obiekt\u00f3w staje si\u0119 obci\u0105\u017ceniem dla brygad. Opisany obraz sieci SN i dzia\u0142a\u0144 zmierzaj\u0105cych do podniesienia jej niezawodno\u015bci sk\u0142oni\u0142 zesp\u00f3\u0142 konstruktor\u00f3w firmy ZAE do opracowania wersji sygnalizatora CPZ<sup>\u00ae<\/sup>, kt\u00f3ra umo\u017cliwi prac\u0119 w obiektach, gdzie nie ma do dyspozycji \u017ar\u00f3de\u0142 zasilania 230VAC lub 24VDC. Jednocze\u015bnie takie sygnalizatory nie wymaga\u0142by instalacji dodatkowej aparatury pierwotnej i uk\u0142ad\u00f3w z akumulatorami do zasilania.<\/p>\n<p class=\"bodytext\"><b>Dost\u0119pne na rynku urz\u0105dzenia CPZ<sup>\u00ae<\/sup>, od wielu lat dostarczane jako wyposa\u017cenie stacji SN, kontroluj\u0105 ci\u0105gi kablowe w sieciach kablowych lub kablowo-napowietrznych:<\/b><\/p>\n<ul>\n<li>skompensowanych z automatyk\u0105 AWSC,<\/li>\n<li>ze stale uziemionym przez rezystor punktem neutralnym,<\/li>\n<li>ze stale izolowanym punktem neutralnym.<\/li>\n<\/ul>\n<p class=\"bodytext\"><b>Sygnalizator CPZ<sup>\u00ae<\/sup>-4Z<\/b><span>\u00a0<\/span>dedykowany do z\u0142\u0105cz kablowych SN w swojej pracy korzysta ze \u017ar\u00f3d\u0142a zasilania, jakim s\u0105 przek\u0142adniki Ferrantiego. S\u0105 to te same trzy przek\u0142adniki, kt\u00f3re w obwodach pomiarowych sygnalizatora s\u0142u\u017c\u0105 do pomiaru pr\u0105d\u00f3w roboczych w trzech fazach ci\u0105gu SN. Uzysk energii z przek\u0142adnik\u00f3w przy pr\u0105dzie roboczym na poziomie 5 A jest wystarczaj\u0105cy do zasilania elektroniki i gromadzenia zapasu na potrzeby transmisji danych przez modu\u0142 komunikacyjny.<\/p>\n<p class=\"bodytext\"><b>\u0179r\u00f3d\u0142a zasilania sygnalizatora i modu\u0142u radiowego:<\/b><\/p>\n<ul>\n<li>z przek\u0142adnik\u00f3w pomiarowych w stanie czuwania (pod warunkiem, \u017ce pr\u0105d roboczy w kontrolowanym kablu wynosi &gt; 5 A),<\/li>\n<li>bateria litowa 3,6V\/19Ah (R20).<\/li>\n<\/ul>\n<p class=\"bodytext\">Pob\u00f3r pr\u0105du z baterii umieszczonej we wn\u0119trzu centralki przy braku pr\u0105d\u00f3w roboczych w kontrolowanym kablu energetycznym to 400 \u03bcA. Uzyskany w ten spos\u00f3b czas bezobs\u0142ugowej pracy sygnalizatora wynosi 15 lat w stanie czuwania oraz do 600 godzin w stanie sygnalizacji.<\/p>\n<p class=\"bodytext\">Warunki pracy:<\/p>\n<ul>\n<li>temperatura otoczenia: \u221225\u00b0C \u00f7 +55\u00b0C<\/li>\n<li>dopuszczalna wilgotno\u015b\u0107 wzgl\u0119dna: 90% (bez kondensacji).<\/li>\n<\/ul>\n<p class=\"bodytext\">Standardowo sygnalizator CPZ<sup>\u00ae<\/sup>-4Z kontroluje dwa odcinki i w komplecie posiada sze\u015b\u0107 przek\u0142adnik\u00f3w Ferrantiego z otwieranym torem (rdzeniem) magnetycznym, dzi\u0119ki czemu monta\u017c odbywa si\u0119 bez roz\u0142\u0105czania kabla w g\u0142owicy.<\/p>\n<p class=\"bodytext\">Praca sygnalizator\u00f3w wsp\u00f3\u0142pracuj\u0105cych z systemem nadrz\u0119dnym do realizacji funkcji FDIR, w przypadku wykrycia zwarcia, wymaga zdalnego przes\u0142ania alarmu. Zapewnia to karta komunikacyjna, w kt\u00f3r\u0105 zosta\u0142 wyposa\u017cony sygnalizator. Drog\u0105 radiow\u0105 dane o stanie urz\u0105dzenia wraz z pomiarami przesy\u0142ane s\u0105 do koncentratora. Podane wcze\u015bniej sposoby i parametry zasilania sygnalizator\u00f3w dotycz\u0105 r\u00f3wnie\u017c tej komunikacji. To nowatorskie rozwi\u0105zanie zaprojektowane i wykonane w oparciu o technologi\u0119 LPWAN (ang. Low Power Wide- Area Network) sprawia, \u017ce sygnalizatory zainstalowane w obiektach (stacjach i z\u0142\u0105czach) w promieniu 15 km w terenie otwartym i 5 km w terenie zabudowanym od bramy systemu radiowego, maj\u0105 \u0142\u0105czno\u015b\u0107 dwukierunkow\u0105 z koncentratorem. Prezentowany sygnalizator CPZ<sup>\u00ae<\/sup>-4Z jest wyposa\u017cony w kart\u0119 komunikacyjn\u0105 z modu\u0142em radiowym firmy Semtech pracuj\u0105cym w standardzie LoRa<sup>\u00ae<\/sup>.<\/p>\n<p class=\"bodytext\">Zalet\u0105 tego standardu jest jego dost\u0119pno\u015b\u0107.<span>\u00a0<\/span><b>Gateway'e LoRa<sup>\u00ae<\/sup><\/b><span>\u00a0<\/span>rozmieszczone na obszarze odpowiadaj\u0105cym rejonowi OSD zapewniaj\u0105 szyfrowan\u0105 transmisj\u0119 do bazy danych koncentratora, sk\u0105d \u0142\u0105czem VPN s\u0105 dostarczane np. w protokole DNP-3 do systemu SCADA. Dzia\u0142anie urz\u0105dzenia z transmisj\u0105 o mo\u017cliwe najmniejszym zapotrzebowaniu na energi\u0119 do zasilania wynika z zastosowania energooszcz\u0119dnych mikrokontroler\u00f3w oraz cyklu pracy modu\u0142u radiowego. Po wys\u0142aniu ramki danych modu\u0142 w standardzie LoRa<sup>\u00ae<\/sup><span>\u00a0<\/span>przechodzi w stan u\u015bpienia na ustawiony programowo czas (czyli do nast\u0119pnej ich transmisji). W przypadku detekcji zwarcia urz\u0105dzenie wybudza si\u0119 z trybu czuwania i natychmiast wysy\u0142a alarm. Po ka\u017cdej transmisji z urz\u0105dzenia sygnalizacyjnego modu\u0142 radiowy prze\u0142\u0105cza si\u0119 w tryb odbioru i w\u00f3wczas mo\u017cliwa jest transmisja do urz\u0105dzenia. Dzi\u0119ki temu mo\u017cna z systemu nadrz\u0119dnego wysy\u0142a\u0107 do sygnalizatora komend\u0119 sterowania np. test lub kasowanie pobudzenia.<\/p>\n<p class=\"bodytext\">Odst\u0119py czasu pomi\u0119dzy kolejnymi transmisjami ustawione s\u0105 w przedziale od 10 min do kilku godzin przy pracy na baterii. Je\u015bli zgromadzona w superkondensatorch energia uzyskana z przek\u0142adnik\u00f3w jest jeszcze wystarczaj\u0105ca, to urz\u0105dzenie nie obci\u0105\u017ca baterii. Taki zgromadzony w stanie czuwania zapas energii pozwala na wys\u0142anie ponad 300 ramek z danymi. W ten spos\u00f3b konstruktorzy z ZAE uzyskali urz\u0105dzenie autonomicznie pracuj\u0105ce przez co najmniej 200 godzin bez zewn\u0119trznego zasilania i kolejne 600 godzin w trybie pracy bateryjnej. W trybie czuwania pomiary wykonywane przez sygnalizator s\u0105 rejestrowane i przesy\u0142ane cyklicznie do koncentratora. Przyj\u0119te za\u0142o\u017cenia i realizacja projektu<span>\u00a0<\/span><b>CPZ<sup>\u00ae<\/sup>-4Z z modu\u0142em radiowym LoRa<sup>\u00ae<\/sup><\/b><span>\u00a0<\/span>przynios\u0142y w pe\u0142ni funkcjonalny sygnalizator pracuj\u0105cy autonomicznie. Osi\u0105gni\u0119to wielokrotne obni\u017cenie koszt\u00f3w instalacji i eksploatacji urz\u0105dze\u0144 zainstalowanych w g\u0142\u0119bi sieci SN, raportuj\u0105cych stan kontrolowanego odcinka sieci SN w czasie czuwania i przes\u0142ania alarm\u00f3w w przypadku wykrycia zwarcia. Dzi\u0119ki zastosowaniu sygnalizator\u00f3w ze zdaln\u0105 transmisj\u0105 radiow\u0105 mo\u017cliwe jest monitorowanie ka\u017cdego odcinaka sieci SN.<\/p>\n<\/div>\n<\/div><\/div><\/div><\/div><\/div>\n","protected":false},"excerpt":{"rendered":"","protected":false},"author":2,"featured_media":0,"parent":0,"menu_order":0,"comment_status":"closed","ping_status":"closed","template":"","meta":{"footnotes":""},"class_list":["post-271","page","type-page","status-publish","hentry"],"_links":{"self":[{"href":"https:\/\/divi.zae.pl\/index.php\/wp-json\/wp\/v2\/pages\/271","targetHints":{"allow":["GET"]}}],"collection":[{"href":"https:\/\/divi.zae.pl\/index.php\/wp-json\/wp\/v2\/pages"}],"about":[{"href":"https:\/\/divi.zae.pl\/index.php\/wp-json\/wp\/v2\/types\/page"}],"author":[{"embeddable":true,"href":"https:\/\/divi.zae.pl\/index.php\/wp-json\/wp\/v2\/users\/2"}],"replies":[{"embeddable":true,"href":"https:\/\/divi.zae.pl\/index.php\/wp-json\/wp\/v2\/comments?post=271"}],"version-history":[{"count":6,"href":"https:\/\/divi.zae.pl\/index.php\/wp-json\/wp\/v2\/pages\/271\/revisions"}],"predecessor-version":[{"id":796,"href":"https:\/\/divi.zae.pl\/index.php\/wp-json\/wp\/v2\/pages\/271\/revisions\/796"}],"wp:attachment":[{"href":"https:\/\/divi.zae.pl\/index.php\/wp-json\/wp\/v2\/media?parent=271"}],"curies":[{"name":"wp","href":"https:\/\/api.w.org\/{rel}","templated":true}]}}