{"id":257,"date":"2025-12-15T11:40:34","date_gmt":"2025-12-15T10:40:34","guid":{"rendered":"https:\/\/divi.zae.pl\/?page_id=257"},"modified":"2026-04-14T13:09:34","modified_gmt":"2026-04-14T11:09:34","slug":"automatyka-szr","status":"publish","type":"page","link":"https:\/\/divi.zae.pl\/index.php\/automatyka-szr\/","title":{"rendered":"Automatyka SZR"},"content":{"rendered":"\n<div class=\"et_pb_section_0 et_pb_section et_section_regular et_block_section preset--module--divi-section--default\"><span class=\"et_pb_background_mask\"><\/span><div class=\"et_pb_row_0 et_pb_row et_block_row\"><div class=\"et_pb_column_0 et_pb_column et_pb_column_4_4 et-last-child et_block_column et_pb_css_mix_blend_mode_passthrough\"><div class=\"et_pb_heading_0 et_pb_heading et_pb_module et_block_module preset--module--divi-heading--a981e6ca-7fd8-45e6-9c38-41ce8df70846\"><div class=\"et_pb_heading_container\"><h1 class=\"et_pb_module_header\">Automatyka SZR<\/h1><\/div><\/div><\/div><\/div><div class=\"et_pb_row_1 et_pb_row et_pb_row_5col et_block_row et_block_row_5col\"><div class=\"et_pb_column_1 et_pb_column et_pb_column_1_5 et_block_column et_pb_css_mix_blend_mode_passthrough\"><div class=\"et_pb_module et_pb_button_module_wrapper et_pb_button_0_wrapper preset--module--divi-button--default_wrapper\"><a class=\"et_pb_button_0 et_pb_button et_pb_bg_layout_light et_pb_module et_block_module preset--module--divi-button--default\" href=\"https:\/\/divi.zae.pl\/index.php\/rzr-micro\/\">RZR-Mikro<\/a><\/div><\/div><div class=\"et_pb_column_2 et_pb_column et_pb_column_1_5 et_block_column et_pb_css_mix_blend_mode_passthrough\"><div class=\"et_pb_module et_pb_button_module_wrapper et_pb_button_1_wrapper preset--module--divi-button--default_wrapper\"><a class=\"et_pb_button_1 et_pb_button et_pb_bg_layout_light et_pb_module et_block_module preset--module--divi-button--default\" href=\"https:\/\/divi.zae.pl\/index.php\/rzr-as\/\">RZR-AS<\/a><\/div><\/div><div class=\"et_pb_column_3 et_pb_column et_pb_column_1_5 et_block_column et_pb_css_mix_blend_mode_passthrough\"><div class=\"et_pb_module et_pb_button_module_wrapper et_pb_button_2_wrapper preset--module--divi-button--default_wrapper\"><a class=\"et_pb_button_2 et_pb_button et_pb_bg_layout_light et_pb_module et_block_module preset--module--divi-button--default\" href=\"https:\/\/divi.zae.pl\/index.php\/rzr-szz\/\">RZR-SZZ<\/a><\/div><\/div><div class=\"et_pb_column_4 et_pb_column et_pb_column_1_5 et_block_column et_pb_css_mix_blend_mode_passthrough\"><div class=\"et_pb_module et_pb_button_module_wrapper et_pb_button_3_wrapper preset--module--divi-button--default_wrapper\"><a class=\"et_pb_button_3 et_pb_button et_pb_bg_layout_light et_pb_module et_block_module preset--module--divi-button--default\" href=\"https:\/\/divi.zae.pl\/index.php\/pnz-3\/\">PNZ-3<\/a><\/div><\/div><div class=\"et_pb_column_5 et_pb_column et_pb_column_1_5 et-last-child et_block_column et_pb_css_mix_blend_mode_passthrough\"><div class=\"et_pb_module et_pb_button_module_wrapper et_pb_button_4_wrapper preset--module--divi-button--default_wrapper\"><a class=\"et_pb_button_4 et_pb_button et_pb_bg_layout_light et_pb_module et_block_module preset--module--divi-button--default\" href=\"https:\/\/divi.zae.pl\/index.php\/mbe-1\/\">MBE-1<\/a><\/div><\/div><\/div><div class=\"et_pb_row_2 et_pb_row et_block_row\"><div class=\"et_pb_column_6 et_pb_column et_pb_column_4_4 et-last-child et_block_column et_pb_css_mix_blend_mode_passthrough\"><div class=\"et_pb_text_0 et_pb_text et_pb_bg_layout_light et_pb_module et_block_module preset--module--divi-text--default\"><div class=\"et_pb_text_inner\"><p><span>Wychodz\u0105c naprzeciw wymaganiom projektant\u00f3w i u\u017cytkownik\u00f3w, firma ZAE zaprojektowa\u0142a i wykona\u0142a rodzin\u0119 automat\u00f3w RZR\u00ae realizuj\u0105cych Samoczynne Za\u0142\u0105czanie Rezerwy (SZR). Urz\u0105dzenia automatyki prze\u0142\u0105czania zasila\u0144 nale\u017c\u0105 do podstawowych uk\u0142ad\u00f3w wp\u0142ywaj\u0105cych na pewno\u015b\u0107 zasilania odbior\u00f3w. Samoczynne za\u0142\u0105czanie rezerwy jest realizowane przez automat (na podstawie warunk\u00f3w istniej\u0105cych w rozdzielni) najcz\u0119\u015bciej w sytuacjach awaryjnych lub podczas planowanych prze\u0142\u0105cze\u0144.<\/span><\/p>\n<\/div><\/div><div class=\"et_pb_image_0 et_pb_image et_pb_module et_block_module\"><span class=\"et_pb_image_wrap\"><img loading=\"lazy\" decoding=\"async\" src=\"https:\/\/divi.zae.pl\/wp-content\/uploads\/2025\/12\/Slajd1.jpg\" width=\"960\" height=\"720\" srcset=\"https:\/\/divi.zae.pl\/wp-content\/uploads\/2025\/12\/Slajd1.jpg 960w, https:\/\/divi.zae.pl\/wp-content\/uploads\/2025\/12\/Slajd1-480x360.jpg 480w\" sizes=\"(min-width: 0px) and (max-width: 480px) 480px, (min-width: 481px) 960px, 100vw\" class=\"wp-image-454\" title=\"Slajd1\" \/><\/span><\/div><\/div><\/div><div class=\"et_pb_row_3 et_pb_row et_pb_equal_columns et_block_row\"><div class=\"et_pb_column_7 et_pb_column et_pb_column_1_2 et_block_column et_pb_css_mix_blend_mode_passthrough preset--module--divi-column--a7ef23f1-f627-4ecd-806a-02d1f07a1abe\"><div class=\"et_pb_heading_1 et_pb_heading et_pb_module et_block_module preset--module--divi-heading--d107d49f-9310-49c1-879e-2085690a8512\"><div class=\"et_pb_heading_container\"><h3 class=\"et_pb_module_header\">Automat RZR\u00ae-Mikro<\/h3><\/div><\/div><div class=\"et_pb_text_1 et_pb_text et_pb_bg_layout_light et_pb_module et_block_module preset--module--divi-text--9141f592-7022-4cc8-95ec-cef5b8f9ad2b\"><div class=\"et_pb_text_inner\"><p class=\"bodytext\">Automat RZR<sup>\u00ae<\/sup>-Mikro jest mikroprocesorowym automatem do samoczynnego za\u0142\u0105czania napi\u0119cia rezerwowego (SZR) i automatycznego powrotu na zasilanie podstawowe (APZ) rozdzielni n.n., mo\u017ce kontrolowa\u0107 obecno\u015b\u0107 trzech napi\u0119\u0107 i stan do 7 wy\u0142\u0105cznik\u00f3w. Mo\u017ce pracowa\u0107 wg prawie 100 ju\u017c opracowanych diagram\u00f3w lub wg indywidulanego specjalnego wykonania (szczeg\u00f3\u0142y w karcie katalogowej).<br \/>Umo\u017cliwia prac\u0119 w protokole MODBUS co pozwala na wsp\u00f3\u0142prace z systemem BMS, z panelem dotykowym LCD, kt\u00f3ry mo\u017ce pracowa\u0107 w sieci LAN (WEB Server). Panel umo\u017cliwia wizualizacj\u0119, sterowanie, odczyt warto\u015bci nastaw, edycje nazw wy\u0142\u0105cznik\u00f3w\/stycznik\u00f3w oraz wgl\u0105d w histori\u0119 zdarze\u0144. Mo\u017cliwe jest r\u00f3wnie\u017c zdalne sterowanie automatem.<\/p>\n<p class=\"bodytext\">Zastosowanie: do instalacji w rozdzielniach n.n. zasilaj\u0105cych obiekty przemys\u0142owe oraz u\u017cyteczno\u015bci publicznej.<\/p>\n<\/div><\/div><div class=\"et_pb_image_1 et_pb_image et_pb_module et_block_module\"><span class=\"et_pb_image_wrap\"><img loading=\"lazy\" decoding=\"async\" src=\"https:\/\/divi.zae.pl\/wp-content\/uploads\/2025\/12\/RZR-Mikro_karta-2016_wizualizacja.jpg\" width=\"2258\" height=\"1180\" srcset=\"https:\/\/divi.zae.pl\/wp-content\/uploads\/2025\/12\/RZR-Mikro_karta-2016_wizualizacja.jpg 2258w, https:\/\/divi.zae.pl\/wp-content\/uploads\/2025\/12\/RZR-Mikro_karta-2016_wizualizacja-1280x669.jpg 1280w, https:\/\/divi.zae.pl\/wp-content\/uploads\/2025\/12\/RZR-Mikro_karta-2016_wizualizacja-980x512.jpg 980w, https:\/\/divi.zae.pl\/wp-content\/uploads\/2025\/12\/RZR-Mikro_karta-2016_wizualizacja-480x251.jpg 480w\" sizes=\"(min-width: 0px) and (max-width: 480px) 480px, (min-width: 481px) and (max-width: 980px) 980px, (min-width: 981px) and (max-width: 1280px) 1280px, (min-width: 1281px) 2258px, 100vw\" class=\"wp-image-426\" title=\"RZR-Mikro_karta-2016_wizualizacja\" \/><\/span><\/div><\/div><div class=\"et_pb_column_8 et_pb_column et_pb_column_1_2 et-last-child et_block_column et_pb_css_mix_blend_mode_passthrough\"><div class=\"et_pb_image_2 et_pb_image et_pb_module et_block_module\"><span class=\"et_pb_image_wrap\"><img loading=\"lazy\" decoding=\"async\" src=\"https:\/\/divi.zae.pl\/wp-content\/uploads\/2025\/12\/RZR_Mikro_Bis_lcd.jpg\" width=\"600\" height=\"344\" srcset=\"https:\/\/divi.zae.pl\/wp-content\/uploads\/2025\/12\/RZR_Mikro_Bis_lcd.jpg 600w, https:\/\/divi.zae.pl\/wp-content\/uploads\/2025\/12\/RZR_Mikro_Bis_lcd-480x275.jpg 480w\" sizes=\"(min-width: 0px) and (max-width: 480px) 480px, (min-width: 481px) 600px, 100vw\" class=\"wp-image-424\" title=\"RZR_Mikro_Bis_lcd\" \/><\/span><\/div><div class=\"et_pb_image_3 et_pb_image et_pb_module et_block_module\"><span class=\"et_pb_image_wrap\"><img loading=\"lazy\" decoding=\"async\" src=\"https:\/\/divi.zae.pl\/wp-content\/uploads\/2025\/12\/LCD_Panel_2016.png\" width=\"799\" height=\"599\" srcset=\"https:\/\/divi.zae.pl\/wp-content\/uploads\/2025\/12\/LCD_Panel_2016.png 799w, https:\/\/divi.zae.pl\/wp-content\/uploads\/2025\/12\/LCD_Panel_2016-480x360.png 480w\" sizes=\"(min-width: 0px) and (max-width: 480px) 480px, (min-width: 481px) 799px, 100vw\" class=\"wp-image-421\" title=\"LCD_Panel_2016\" \/><\/span><\/div><\/div><\/div><div class=\"et_pb_row_4 et_pb_row et_block_row\"><div class=\"et_pb_column_9 et_pb_column et_pb_column_4_4 et-last-child et_block_column et_pb_css_mix_blend_mode_passthrough\"><div class=\"et_pb_heading_2 et_pb_heading et_pb_module et_block_module preset--module--divi-heading--default\"><div class=\"et_pb_heading_container\"><h2 class=\"et_pb_module_header\">Automat RZR\u00ae-AS<\/h2><\/div><\/div><\/div><\/div><div class=\"et_pb_row_5 et_pb_row et_block_row\"><div class=\"et_pb_column_10 et_pb_column et_pb_column_1_2 et_block_column et_pb_css_mix_blend_mode_passthrough\"><div class=\"et_pb_image_4 et_pb_image et_pb_module et_block_module\"><span class=\"et_pb_image_wrap\"><img loading=\"lazy\" decoding=\"async\" src=\"https:\/\/divi.zae.pl\/wp-content\/uploads\/2025\/12\/rzr-as.jpg\" width=\"600\" height=\"384\" srcset=\"https:\/\/divi.zae.pl\/wp-content\/uploads\/2025\/12\/rzr-as.jpg 600w, https:\/\/divi.zae.pl\/wp-content\/uploads\/2025\/12\/rzr-as-480x307.jpg 480w\" sizes=\"(min-width: 0px) and (max-width: 480px) 480px, (min-width: 481px) 600px, 100vw\" class=\"wp-image-425\" title=\"rzr-as\" \/><\/span><\/div><\/div><div class=\"et_pb_column_11 et_pb_column et_pb_column_1_2 et-last-child et_block_column et_pb_css_mix_blend_mode_passthrough\"><div class=\"et_pb_image_5 et_pb_image et_pb_module et_block_module\"><span class=\"et_pb_image_wrap\"><img loading=\"lazy\" decoding=\"async\" src=\"https:\/\/divi.zae.pl\/wp-content\/uploads\/2025\/12\/AS-Panel.png\" width=\"802\" height=\"483\" srcset=\"https:\/\/divi.zae.pl\/wp-content\/uploads\/2025\/12\/AS-Panel.png 802w, https:\/\/divi.zae.pl\/wp-content\/uploads\/2025\/12\/AS-Panel-480x289.png 480w\" sizes=\"(min-width: 0px) and (max-width: 480px) 480px, (min-width: 481px) 802px, 100vw\" class=\"wp-image-420\" title=\"AS-Panel\" \/><\/span><\/div><\/div><\/div><div class=\"et_pb_row_6 et_pb_row et_block_row\"><div class=\"et_pb_column_12 et_pb_column et_pb_column_4_4 et-last-child et_block_column et_pb_css_mix_blend_mode_passthrough\"><div class=\"et_pb_text_2 et_pb_text et_pb_bg_layout_light et_pb_module et_block_module preset--module--divi-text--default\"><div class=\"et_pb_text_inner\"><p class=\"bodytext\"><b>UWAGA! RZR-AS - zosta\u0142 wycofany z produkcji<\/b><\/p>\n<p class=\"bodytext\">\n<p class=\"bodytext\">Jest automatem do samoczynnego za\u0142\u0105czania napi\u0119cia rezerwowego (SZR) i automatycznego powrotu na zasilanie podstawowe (APZ) rozdzielni n.n. Kontroluje obecno\u015b\u0107 dw\u00f3ch napi\u0119\u0107 i stan dw\u00f3ch wy\u0142\u0105cznik\u00f3w\/stycznik\u00f3w, prze\u0142\u0105czanie w uk\u0142adach sie\u0107-sie\u0107 lub sie\u0107-agregat. Gotowy do pracy sterownik zawiera wszystkie elementy pomocnicze tworz\u0105ce uk\u0142ad automatyki SZR-a zabudowany w panelowej obudowie. z wy\u015bwietlaczem i przyciskami sterowniczymi.<br \/>Przyciski nawigacyjne na obudowie przystosowane s\u0105 do sterowania, obs\u0142ugi i wprowadzania nastaw oraz wy\u015bwietlacz, kt\u00f3ry pozwala na wizualizacj\u0119 stanu uk\u0142adu.<\/p>\n<p class=\"bodytext\">Zastosowanie: budynki u\u017cytku publicznego, obiekty przemys\u0142owe gdzie wymagana lub preferowana jest ci\u0105g\u0142o\u015b\u0107 zasilania. Umo\u017cliwia prac\u0119 w sieci MODBUS, gdzie np. panel dotykowy LCD umo\u017cliwia wizualizacj\u0119, sterowanie, odczyt warto\u015bci nastaw, edycje nazw wy\u0142\u0105cznik\u00f3w\/stycznik\u00f3w oraz wgl\u0105d w histori\u0119 zdarze\u0144. Mo\u017cliwe jest r\u00f3wnie\u017c zdalne sterowanie automatem po uzyskaniu odpowiednich uprawnie\u0144.<\/p>\n<\/div><\/div><\/div><\/div><div class=\"et_pb_row_7 et_pb_row et_pb_equal_columns et_block_row\"><div class=\"et_pb_column_13 et_pb_column et_pb_column_1_2 et_block_column et_pb_css_mix_blend_mode_passthrough preset--module--divi-column--a7ef23f1-f627-4ecd-806a-02d1f07a1abe\"><div class=\"et_pb_heading_3 et_pb_heading et_pb_module et_block_module preset--module--divi-heading--d107d49f-9310-49c1-879e-2085690a8512\"><div class=\"et_pb_heading_container\"><h3 class=\"et_pb_module_header\">Automat RZR\u00ae-SZZ<\/h3><\/div><\/div><div class=\"et_pb_text_3 et_pb_text et_pb_bg_layout_light et_pb_module et_block_module preset--module--divi-text--9141f592-7022-4cc8-95ec-cef5b8f9ad2b\"><div class=\"et_pb_text_inner\"><p class=\"bodytext\"><b>UWAGA! RZR-SZZ - zosta\u0142 wycofany z produkcji<\/b><\/p>\n<p class=\"bodytext\">\n<p class=\"bodytext\">Jest prostym automatem przeznaczonym do samoczynnego za\u0142\u0105czania rezerwy (SZR) i automatycznego powrotnego za\u0142\u0105czania zasilania (APZ) dla rozdzielni 0,4 kV dla dw\u00f3ch \u017ar\u00f3de\u0142 transformatorowych.<\/p>\n<p class=\"bodytext\">Zastosowanie: budynki u\u017cytku publicznego, obiekty przemys\u0142owe gdzie wymagana lub preferowana jest ci\u0105g\u0142o\u015bci zasilania<\/p>\n<\/div><\/div><div class=\"et_pb_image_6 et_pb_image et_pb_module et_block_module\"><span class=\"et_pb_image_wrap\"><img loading=\"lazy\" decoding=\"async\" src=\"https:\/\/divi.zae.pl\/wp-content\/uploads\/2025\/12\/PNZ-3.png\" width=\"770\" height=\"613\" srcset=\"https:\/\/divi.zae.pl\/wp-content\/uploads\/2025\/12\/PNZ-3.png 770w, https:\/\/divi.zae.pl\/wp-content\/uploads\/2025\/12\/PNZ-3-480x382.png 480w\" sizes=\"(min-width: 0px) and (max-width: 480px) 480px, (min-width: 481px) 770px, 100vw\" class=\"wp-image-423\" title=\"PNZ-3\" \/><\/span><\/div><\/div><div class=\"et_pb_column_14 et_pb_column et_pb_column_1_2 et-last-child et_block_column et_pb_css_mix_blend_mode_passthrough preset--module--divi-column--a7ef23f1-f627-4ecd-806a-02d1f07a1abe\"><div class=\"et_pb_heading_4 et_pb_heading et_pb_module et_block_module preset--module--divi-heading--d107d49f-9310-49c1-879e-2085690a8512\"><div class=\"et_pb_heading_container\"><h3 class=\"et_pb_module_header\">Modu\u0142 blokady elektrycznej MBE\u00ae-1<\/h3><\/div><\/div><div class=\"et_pb_text_4 et_pb_text et_pb_bg_layout_light et_pb_module et_block_module preset--module--divi-text--9141f592-7022-4cc8-95ec-cef5b8f9ad2b\"><div class=\"et_pb_text_inner\"><p class=\"bodytext\"><span>Modu\u0142 blokady elektrycznej\u00a0<\/span><b>MBE-1<\/b><span>\u00a0jest modu\u0142em do blokady elektrycznej za\u0142\u0105czania wy\u0142\u0105cznik\u00f3w lub stycznik\u00f3w w uk\u0142adach SZR w rozdzielni 0,4 kV.<\/span><br \/><span>Zapewnia on blokad\u0119 elektryczn\u0105 za\u0142\u0105czania urz\u0105dze\u0144 komutacyjnych nie dopuszczaj\u0105c do b\u0142\u0119dnego ich za\u0142\u0105czenia.<\/span><\/p>\n<\/div><\/div><div class=\"et_pb_image_7 et_pb_image et_pb_module et_block_module\"><span class=\"et_pb_image_wrap\"><img loading=\"lazy\" decoding=\"async\" src=\"https:\/\/divi.zae.pl\/wp-content\/uploads\/2025\/12\/MBE-1.png\" width=\"1024\" height=\"733\" srcset=\"https:\/\/divi.zae.pl\/wp-content\/uploads\/2025\/12\/MBE-1.png 1024w, https:\/\/divi.zae.pl\/wp-content\/uploads\/2025\/12\/MBE-1-980x702.png 980w, https:\/\/divi.zae.pl\/wp-content\/uploads\/2025\/12\/MBE-1-480x344.png 480w\" sizes=\"(min-width: 0px) and (max-width: 480px) 480px, (min-width: 481px) and (max-width: 980px) 980px, (min-width: 981px) 1024px, 100vw\" class=\"wp-image-422\" title=\"MBE-1\" \/><\/span><\/div><\/div><\/div><div class=\"et_pb_row_8 et_pb_row et_block_row\"><div class=\"et_pb_column_15 et_pb_column et_pb_column_4_4 et-last-child et_block_column et_pb_css_mix_blend_mode_passthrough\"><div class=\"et_pb_text_5 et_pb_text et_pb_bg_layout_light et_pb_module et_block_module preset--module--divi-text--default\"><div class=\"et_pb_text_inner\"><div class=\"csc-header csc-header-n8\">\n<h1>Nowo\u015bci w automatyce RZR\u00ae<\/h1>\n<\/div>\n<p class=\"bodytext\">Zosta\u0142a zwi\u0119kszona funkcjonalno\u015b\u0107 automat\u00f3w RZR<sup>\u00ae<\/sup>-Mikro i RZR<sup>\u00ae<\/sup>-AS. Oba automaty mog\u0105 pracowa\u0107 w sieci MODBUS co pozwala na wsp\u00f3\u0142prace z systemem BMS lub z panelem dotykowym LCD, kt\u00f3ry mo\u017ce pracowa\u0107 w sieci LAN (WEB Server). Panel umo\u017cliwia: r\u0119czne sterowanie, wizualizacj\u0119 stanu rozdzielni, prezentacj\u0119 nastaw automatu, edycj\u0119 nazw etykiet wy\u0142\u0105cznik\u00f3w i napi\u0119\u0107 oraz rejestracj\u0119 historii zdarze\u0144.<\/p>\n<p class=\"bodytext\">Dzi\u0119ki ci\u0105g\u0142emu dopasowywaniu mo\u017cliwo\u015bci naszych urz\u0105dze\u0144 do wymaga\u0144 projektant\u00f3w, automaty z rodziny RZR<sup>\u00ae<\/sup><span>\u00a0<\/span>s\u0105 urz\u0105dzeniami coraz powszechniej stosowanymi w uk\u0142adach zasilania budynk\u00f3w.<\/p>\n<\/div><\/div><\/div><\/div><div class=\"et_pb_row_9 et_pb_row et_pb_row_4col et_block_row et_block_row_4col\"><div class=\"et_pb_column_16 et_pb_column et_pb_column_1_4 et_block_column et_pb_css_mix_blend_mode_passthrough\"><div class=\"et_pb_text_6 et_pb_text et_pb_bg_layout_light et_clickable et_pb_module et_block_module preset--module--divi-text--default\"><div class=\"et_pb_text_inner\"><p style=\"text-align: center;\"><span style=\"color: #e02b20;\"><a href=\"https:\/\/www.zae.pl\/en\/o-firmie\/publications\/#c892\" title=\"Materia\u0142y graficzne\" class=\"internal-link\" style=\"color: #e02b20;\"><b>Widok przyk\u0142adowych ekran\u00f3w z panela dotykowego.<\/b><\/a><\/span><\/p>\n<\/div><\/div><\/div><div class=\"et_pb_column_17 et_pb_column et_pb_column_1_4 et_block_column et_pb_css_mix_blend_mode_passthrough\"><div class=\"et_pb_text_7 et_pb_text et_pb_bg_layout_light et_clickable et_pb_module et_block_module preset--module--divi-text--default\"><div class=\"et_pb_text_inner\"><p style=\"text-align: center;\"><a href=\"https:\/\/www.zae.pl\/en\/o-firmie\/publications\/#c894\" title=\"Materia\u0142y filmowe\" class=\"internal-link\"><b><span style=\"color: #e02b20;\">Filmy pokazowe dzia\u0142ania automatyki RZR<sup>\u00ae<\/sup><sup>\u00a0<\/sup>z panelem dotykowym<\/span><\/b><\/a><\/p>\n<\/div><\/div><\/div><div class=\"et_pb_column_18 et_pb_column et_pb_column_1_4 et_block_column et_pb_css_mix_blend_mode_passthrough\"><div class=\"et_pb_text_8 et_pb_text et_pb_bg_layout_light et_clickable et_pb_module et_block_module preset--module--divi-text--default\"><div class=\"et_pb_text_inner\"><p style=\"text-align: center;\"><b><a href=\"https:\/\/www.zae.pl\/fileadmin\/user_upload\/automatyka\/SZR.ppsx\" title=\"Pobierz plik\" class=\"download\"><span style=\"color: #e02b20;\">Prezentacja automat\u00f3w z rodziny RZR<sup>\u00ae<\/sup><\/span><\/a><\/b><\/p>\n<\/div><\/div><\/div><div class=\"et_pb_column_19 et_pb_column et_pb_column_1_4 et-last-child et_block_column et_pb_css_mix_blend_mode_passthrough\"><div class=\"et_pb_text_9 et_pb_text et_pb_bg_layout_light et_clickable et_pb_module et_block_module preset--module--divi-text--default\"><div class=\"et_pb_text_inner\"><p style=\"text-align: center;\"><a href=\"https:\/\/www.zae.pl\/en\/o-firmie\/publications\/\" title=\"Publikacje ZAE\" class=\"internal-link\"><b><span style=\"color: #e02b20;\">Publikacje firmy ZAE<\/span><\/b><\/a><\/p>\n<\/div><\/div><\/div><\/div><\/div>\n","protected":false},"excerpt":{"rendered":"","protected":false},"author":2,"featured_media":0,"parent":0,"menu_order":0,"comment_status":"closed","ping_status":"closed","template":"","meta":{"footnotes":""},"class_list":["post-257","page","type-page","status-publish","hentry"],"_links":{"self":[{"href":"https:\/\/divi.zae.pl\/index.php\/wp-json\/wp\/v2\/pages\/257","targetHints":{"allow":["GET"]}}],"collection":[{"href":"https:\/\/divi.zae.pl\/index.php\/wp-json\/wp\/v2\/pages"}],"about":[{"href":"https:\/\/divi.zae.pl\/index.php\/wp-json\/wp\/v2\/types\/page"}],"author":[{"embeddable":true,"href":"https:\/\/divi.zae.pl\/index.php\/wp-json\/wp\/v2\/users\/2"}],"replies":[{"embeddable":true,"href":"https:\/\/divi.zae.pl\/index.php\/wp-json\/wp\/v2\/comments?post=257"}],"version-history":[{"count":25,"href":"https:\/\/divi.zae.pl\/index.php\/wp-json\/wp\/v2\/pages\/257\/revisions"}],"predecessor-version":[{"id":791,"href":"https:\/\/divi.zae.pl\/index.php\/wp-json\/wp\/v2\/pages\/257\/revisions\/791"}],"wp:attachment":[{"href":"https:\/\/divi.zae.pl\/index.php\/wp-json\/wp\/v2\/media?parent=257"}],"curies":[{"name":"wp","href":"https:\/\/api.w.org\/{rel}","templated":true}]}}