{"id":203,"date":"2025-12-12T12:44:42","date_gmt":"2025-12-12T11:44:42","guid":{"rendered":"https:\/\/divi.zae.pl\/?page_id=203"},"modified":"2026-04-14T13:09:31","modified_gmt":"2026-04-14T11:09:31","slug":"system-wksl","status":"publish","type":"page","link":"https:\/\/divi.zae.pl\/index.php\/system-wksl\/","title":{"rendered":"System WKSL"},"content":{"rendered":"\n<div class=\"et_pb_section_0 et_pb_section et_section_regular et_block_section preset--module--divi-section--default\"><span class=\"et_pb_background_mask\"><\/span><div class=\"et_pb_row_0 et_pb_row et_block_row\"><div class=\"et_pb_column_0 et_pb_column et_pb_column_4_4 et-last-child et_block_column et_pb_css_mix_blend_mode_passthrough\"><div class=\"et_pb_text_0 et_pb_text et_pb_bg_layout_light et_pb_module et_block_module preset--module--divi-text--default\"><div class=\"et_pb_text_inner\"><h1 class=\"csc-firstHeader\">WKSL<\/h1>\n<\/div><\/div><\/div><\/div><div class=\"et_pb_row_1 et_pb_row et_block_row\"><div class=\"et_pb_column_1 et_pb_column et_pb_column_4_4 et-last-child et_block_column et_pb_css_mix_blend_mode_passthrough\"><div class=\"et_pb_module et_pb_button_module_wrapper et_pb_button_0_wrapper preset--module--divi-button--default_wrapper\"><a class=\"et_pb_button_0 et_pb_button et_pb_bg_layout_light et_pb_module et_block_module preset--module--divi-button--default\" href=\"https:\/\/divi.zae.pl\/wp-content\/uploads\/2025\/12\/wksl.pdf\">Pobierz kart\u0119 katalogow\u0105<\/a><\/div><\/div><\/div><div class=\"et_pb_row_2 et_pb_row et_block_row\"><div class=\"et_pb_column_2 et_pb_column et_pb_column_1_2 et_block_column et_pb_css_mix_blend_mode_passthrough\"><div class=\"et_pb_text_1 et_pb_text et_pb_bg_layout_light et_pb_module et_block_module preset--module--divi-text--default\"><div class=\"et_pb_text_inner\"><h4>Zastosowanie<\/h4>\n<\/div><\/div><div class=\"et_pb_text_2 et_pb_text et_pb_bg_layout_light et_pb_module et_block_module preset--module--divi-text--default\"><div class=\"et_pb_text_inner\"><p><span>Wspomagany komputerowo system impulsowej lokalizacji uszkodze\u0144 napowietrznych linii przesy\u0142owych wysokiego napi\u0119cia nazywany w skr\u00f3cie WKSL<\/span><sup>\u00ae<\/sup><span>, jest jedynym tego rodzaju rozwi\u0105zaniem oferowanym obecnie na rynku, przeznaczonym do szybkiego, bezpiecznego i bardzo dok\u0142adnego okre\u015blenia miejsca awarii linii tzn. zwarcia mi\u0119dzyfazowego, doziemnego, trwa\u0142ego i przemijaj\u0105cego oraz przerwy w linii pod napi\u0119ciem oraz wy\u0142\u0105czonej spod napi\u0119cia. System WKSL<\/span><sup>\u00ae<\/sup><span>\u00a0przeznaczony jest do lokalizacji uszkodze\u0144 w liniach o napi\u0119ciu roboczym 110kV, 220kV, 400kV i wy\u017cszym wyposa\u017conych w przek\u0142adniki napi\u0119ciowe pojemno\u015bciowe lub kondensatory sprz\u0119gaj\u0105ce. Eksploatacja systemu lokalizacji typu WKSL<\/span><sup>\u00ae<\/sup><span>\u00a0na danym obiekcie energetycznym zwi\u0119ksza bezpiecze\u0144stwo obs\u0142ugi i eksploatacji linii, przyczyniaj\u0105c si\u0119 do poprawy niezawodno\u015bci zasilania i znacznego skr\u00f3cenia ewentualnych przerw w dostawie energii elektrycznej.<\/span><\/p>\n<\/div><\/div><\/div><div class=\"et_pb_column_3 et_pb_column et_pb_column_1_2 et-last-child et_block_column et_pb_css_mix_blend_mode_passthrough\"><div class=\"et_pb_image_0 et_pb_image et_pb_module et_block_module\"><span class=\"et_pb_image_wrap\"><img loading=\"lazy\" decoding=\"async\" src=\"https:\/\/divi.zae.pl\/wp-content\/uploads\/2025\/12\/wksl.jpg\" width=\"600\" height=\"411\" srcset=\"https:\/\/divi.zae.pl\/wp-content\/uploads\/2025\/12\/wksl.jpg 600w, https:\/\/divi.zae.pl\/wp-content\/uploads\/2025\/12\/wksl-480x329.jpg 480w\" sizes=\"(min-width: 0px) and (max-width: 480px) 480px, (min-width: 481px) 600px, 100vw\" class=\"wp-image-609\" title=\"wksl\" \/><\/span><\/div><\/div><\/div><div class=\"et_pb_row_3 et_pb_row et_block_row\"><div class=\"et_pb_column_4 et_pb_column et_pb_column_1_2 et_block_column et_pb_css_mix_blend_mode_passthrough\"><div class=\"et_pb_text_3 et_pb_text et_pb_bg_layout_light et_pb_module et_block_module preset--module--divi-text--default\"><div class=\"et_pb_text_inner\"><h4>Budowa<\/h4>\n<\/div><\/div><div class=\"et_pb_text_4 et_pb_text et_pb_bg_layout_light et_pb_module et_block_module preset--module--divi-text--default\"><div class=\"et_pb_text_inner\"><p class=\"bodytext\">W sk\u0142ad systemu lokalizacji WKSL<sup>\u00ae<\/sup><span>\u00a0<\/span>wchodz\u0105:<\/p>\n<ul>\n<li>impulsowy lokalizator typu LAS<sup>\u00ae<\/sup>-4,<\/li>\n<li>impulsowy lokalizator typu LAS<sup>\u00ae<\/sup>-2N (opcja),<\/li>\n<li>prze\u0142\u0105cznik linii typu PLN-1K (opcja),<\/li>\n<li>urz\u0105dzenie sprz\u0119gaj\u0105co-zabezpieczaj\u0105ce typu LUZ-1.1,<\/li>\n<li>komputer klasy PC z oprogramowaniem LAS<sup>\u00ae<\/sup><span>\u00a0<\/span>obs\u0142ugi systemu WKSL<sup>\u00ae<\/sup>.<\/li>\n<\/ul>\n<\/div><\/div><\/div><div class=\"et_pb_column_5 et_pb_column et_pb_column_1_2 et-last-child et_block_column et_pb_css_mix_blend_mode_passthrough\"><div class=\"et_pb_text_5 et_pb_text et_pb_bg_layout_light et_pb_module et_block_module preset--module--divi-text--default\"><div class=\"et_pb_text_inner\"><h4>Zasada dzia\u0142ania<\/h4>\n<\/div><\/div><div class=\"et_pb_text_6 et_pb_text et_pb_bg_layout_light et_pb_module et_block_module preset--module--divi-text--default\"><div class=\"et_pb_text_inner\"><p><span>Zasada dzia\u0142ania lokalizator\u00f3w LAS<\/span><sup>\u00ae<\/sup><span>-4, LAS<\/span><sup>\u00ae<\/sup><span>-2N oparta jest o metod\u0119 impulsowo-reflektometryczn\u0105 pomiaru odleg\u0142o\u015bci do miejsca uszkodzenia, wspomaganej komputerowo dla gromadzenia, obr\u00f3bki i analizy danych uzyskanych z uk\u0142adu pomiarowego lokalizator\u00f3w.<\/span><\/p>\n<\/div><\/div><\/div><\/div><div class=\"et_pb_row_4 et_pb_row et_block_row\"><div class=\"et_pb_column_6 et_pb_column et_pb_column_1_2 et_block_column et_pb_css_mix_blend_mode_passthrough\"><div class=\"et_pb_text_7 et_pb_text et_pb_bg_layout_light et_pb_module et_block_module preset--module--divi-text--default\"><div class=\"et_pb_text_inner\"><h4>Schemat przy\u0142\u0105czenia LAS-4<\/h4>\n<\/div><\/div><div class=\"et_pb_image_1 et_pb_image et_pb_module et_block_module\"><span class=\"et_pb_image_wrap\"><img loading=\"lazy\" decoding=\"async\" src=\"https:\/\/divi.zae.pl\/wp-content\/uploads\/2025\/12\/wksl.gif\" width=\"292\" height=\"260\" srcset=\"https:\/\/divi.zae.pl\/wp-content\/uploads\/2025\/12\/wksl.gif 292w\" sizes=\"(max-width: 292px) 100vw, 292px\" class=\"wp-image-608\" title=\"wksl\" \/><\/span><\/div><\/div><div class=\"et_pb_column_7 et_pb_column et_pb_column_1_2 et-last-child et_block_column et_pb_css_mix_blend_mode_passthrough\"><div class=\"et_pb_text_8 et_pb_text et_pb_bg_layout_light et_pb_module et_block_module preset--module--divi-text--default\"><div class=\"et_pb_text_inner\"><h4>Komputer<\/h4>\n<\/div><\/div><div class=\"et_pb_text_9 et_pb_text et_pb_bg_layout_light et_pb_module et_block_module preset--module--divi-text--default\"><div class=\"et_pb_text_inner\"><p><span>Klasa PC minimum: Procesor INTEL PENTIUM III 1GHz, Karta SVGA kolor 32MB, pami\u0119\u0107 RAM 256MB, Dysk HDD 10GB, stacja FDD 3,5\" 1,44MB, CD-ROM, karta sieciowa 10\/100MBps, modem wewn\u0119trzny 56k (opcja), monitor 17\" o rozdzielczo\u015bci minimum 1024x768, drukarka. Oprogramowanie: Program obs\u0142ugi LAS pod Windows XP Prof. PL (Windows 2000 ).<\/span><\/p>\n<\/div><\/div><\/div><\/div><\/div>\n","protected":false},"excerpt":{"rendered":"","protected":false},"author":2,"featured_media":0,"parent":0,"menu_order":0,"comment_status":"closed","ping_status":"closed","template":"","meta":{"footnotes":""},"class_list":["post-203","page","type-page","status-publish","hentry"],"_links":{"self":[{"href":"https:\/\/divi.zae.pl\/index.php\/wp-json\/wp\/v2\/pages\/203","targetHints":{"allow":["GET"]}}],"collection":[{"href":"https:\/\/divi.zae.pl\/index.php\/wp-json\/wp\/v2\/pages"}],"about":[{"href":"https:\/\/divi.zae.pl\/index.php\/wp-json\/wp\/v2\/types\/page"}],"author":[{"embeddable":true,"href":"https:\/\/divi.zae.pl\/index.php\/wp-json\/wp\/v2\/users\/2"}],"replies":[{"embeddable":true,"href":"https:\/\/divi.zae.pl\/index.php\/wp-json\/wp\/v2\/comments?post=203"}],"version-history":[{"count":8,"href":"https:\/\/divi.zae.pl\/index.php\/wp-json\/wp\/v2\/pages\/203\/revisions"}],"predecessor-version":[{"id":783,"href":"https:\/\/divi.zae.pl\/index.php\/wp-json\/wp\/v2\/pages\/203\/revisions\/783"}],"wp:attachment":[{"href":"https:\/\/divi.zae.pl\/index.php\/wp-json\/wp\/v2\/media?parent=203"}],"curies":[{"name":"wp","href":"https:\/\/api.w.org\/{rel}","templated":true}]}}