{"id":144,"date":"2025-12-12T12:34:57","date_gmt":"2025-12-12T11:34:57","guid":{"rendered":"https:\/\/divi.zae.pl\/?page_id=144"},"modified":"2026-04-14T13:09:30","modified_gmt":"2026-04-14T11:09:30","slug":"sygnalizatory-cpz-2","status":"publish","type":"page","link":"https:\/\/divi.zae.pl\/index.php\/sygnalizatory-cpz-2\/","title":{"rendered":"Sygnalizatory CPZ"},"content":{"rendered":"\n<div class=\"et_pb_section_0 et_pb_section et_section_regular et_block_section et_pb_section_parallax preset--module--divi-section--0e7d6864-b36a-4f5e-ac0b-7b50cabab208\"><span class=\"et-pb-parallax-wrapper\"><span class=\"et-pb-parallax-background et-pb-parallax-background-module--divi-section-0\" style=\"background-image:url(https:\/\/divi.zae.pl\/wp-content\/uploads\/2025\/12\/electrician-02.jpg)\"><\/span><span class=\"et_parallax_gradient\" style=\"background-image:linear-gradient(190deg, rgba(20,36,51,0.6) 0%,#0b1926 80% 100%)\"><\/span><\/span><div class=\"et_pb_row_0 et_pb_row et_block_row\"><div class=\"et_pb_column_0 et_pb_column et_pb_column_4_4 et-last-child et_block_column et_pb_css_mix_blend_mode_passthrough\"><div class=\"et_pb_heading_0 et_pb_heading et_pb_module et_block_module preset--module--divi-heading--ddeb8c09-9078-4424-bc15-2efb6572e28e\"><div class=\"et_pb_heading_container\"><h1 class=\"et_pb_module_header\">Sygnalizatory CPZ<\/h1><\/div><\/div><div class=\"et_pb_text_0 et_pb_text et_pb_bg_layout_light et_pb_module et_block_module et_pb_text_align_center preset--module--divi-text--0504de1e-f5ff-4281-ba60-cbbe4edf98bc\"><div class=\"et_pb_text_inner\"><p>Zapytaj nas o cen\u0119, wy\u015blij maila na adres zae@zae.pl<\/p>\n<\/div><\/div><div class=\"et_pb_module et_pb_button_module_wrapper et_pb_button_0_wrapper preset--module--divi-button--default_wrapper\"><a class=\"et_pb_button_0 et_pb_button et_pb_bg_layout_light et_pb_module et_block_module preset--module--divi-button--default\" href=\"mailto:zae@zae.pl\">Wy\u015blij<\/a><\/div><\/div><\/div><div class=\"et_pb_row_1 et_pb_row et_block_row\"><div class=\"et_pb_column_1 et_pb_column et_pb_column_1_3 et_block_column et_pb_css_mix_blend_mode_passthrough\"><div class=\"et_pb_blurb_0 et_pb_blurb et_pb_bg_layout_dark et_pb_text_align_left et_pb_blurb_position_left et_clickable et_pb_module et_block_module preset--module--divi-blurb--bbce268b-f422-440e-a4bb-45ec904f7cff\"><div class=\"et_pb_blurb_content\"><div class=\"et_pb_main_blurb_image\"><span class=\"et_pb_image_wrap\"><span class=\"et-pb-icon et_animated et_animated\">\uf0e7<\/span><\/span><\/div><div class=\"et_pb_blurb_container\"><h4 class=\"et_pb_module_header\">CPZ-4<\/h4><\/div><\/div><\/div><div class=\"et_pb_blurb_1 et_pb_blurb et_pb_bg_layout_dark et_pb_text_align_left et_pb_blurb_position_left et_pb_module et_block_module preset--module--divi-blurb--bbce268b-f422-440e-a4bb-45ec904f7cff\"><div class=\"et_pb_blurb_content\"><div class=\"et_pb_main_blurb_image\"><a href=\"https:\/\/divi.zae.pl\/index.php\/cpz-4zr\/\"><span class=\"et_pb_image_wrap\"><span class=\"et-pb-icon et_animated et_animated\">\uf0e7<\/span><\/span><\/a><\/div><div class=\"et_pb_blurb_container\"><h4 class=\"et_pb_module_header\"><a href=\"https:\/\/divi.zae.pl\/index.php\/cpz-4zr\/\">CPZ-4ZR<\/a><\/h4><\/div><\/div><\/div><div class=\"et_pb_blurb_2 et_pb_blurb et_pb_bg_layout_dark et_pb_text_align_left et_pb_blurb_position_left et_pb_module et_block_module preset--module--divi-blurb--bbce268b-f422-440e-a4bb-45ec904f7cff\"><div class=\"et_pb_blurb_content\"><div class=\"et_pb_main_blurb_image\"><a href=\"https:\/\/divi.zae.pl\/index.php\/cpz-4z\/\"><span class=\"et_pb_image_wrap\"><span class=\"et-pb-icon et_animated et_animated\">\uf0e7<\/span><\/span><\/a><\/div><div class=\"et_pb_blurb_container\"><h4 class=\"et_pb_module_header\"><a href=\"https:\/\/divi.zae.pl\/index.php\/cpz-4z\/\">CPZ-4Z<\/a><\/h4><\/div><\/div><\/div><\/div><div class=\"et_pb_column_2 et_pb_column et_pb_column_1_3 et_block_column et_pb_css_mix_blend_mode_passthrough\"><div class=\"et_pb_blurb_3 et_pb_blurb et_pb_bg_layout_dark et_pb_text_align_left et_pb_blurb_position_left et_pb_module et_block_module preset--module--divi-blurb--bbce268b-f422-440e-a4bb-45ec904f7cff\"><div class=\"et_pb_blurb_content\"><div class=\"et_pb_main_blurb_image\"><a href=\"https:\/\/divi.zae.pl\/index.php\/cpz-4s\/\"><span class=\"et_pb_image_wrap\"><span class=\"et-pb-icon et_animated et_animated\">\uf0e7<\/span><\/span><\/a><\/div><div class=\"et_pb_blurb_container\"><h4 class=\"et_pb_module_header\"><a href=\"https:\/\/divi.zae.pl\/index.php\/cpz-4s\/\">CPZ-4S<\/a><\/h4><\/div><\/div><\/div><div class=\"et_pb_blurb_4 et_pb_blurb et_pb_bg_layout_dark et_pb_text_align_left et_pb_blurb_position_left et_pb_module et_block_module preset--module--divi-blurb--bbce268b-f422-440e-a4bb-45ec904f7cff\"><div class=\"et_pb_blurb_content\"><div class=\"et_pb_main_blurb_image\"><a href=\"https:\/\/divi.zae.pl\/index.php\/cpz-1m\/\"><span class=\"et_pb_image_wrap\"><span class=\"et-pb-icon et_animated et_animated\">\uf0e7<\/span><\/span><\/a><\/div><div class=\"et_pb_blurb_container\"><h4 class=\"et_pb_module_header\"><a href=\"https:\/\/divi.zae.pl\/index.php\/cpz-1m\/\">CPZ-1M<\/a><\/h4><\/div><\/div><\/div><div class=\"et_pb_blurb_5 et_pb_blurb et_pb_bg_layout_dark et_pb_text_align_left et_pb_blurb_position_left et_pb_module et_block_module preset--module--divi-blurb--bbce268b-f422-440e-a4bb-45ec904f7cff\"><div class=\"et_pb_blurb_content\"><div class=\"et_pb_main_blurb_image\"><a href=\"https:\/\/divi.zae.pl\/index.php\/cpz-3mfs\/\"><span class=\"et_pb_image_wrap\"><span class=\"et-pb-icon et_animated et_animated\">\uf0e7<\/span><\/span><\/a><\/div><div class=\"et_pb_blurb_container\"><h4 class=\"et_pb_module_header\"><a href=\"https:\/\/divi.zae.pl\/index.php\/cpz-3mfs\/\">CPZ-3MFS<\/a><\/h4><\/div><\/div><\/div><\/div><div class=\"et_pb_column_3 et_pb_column et_pb_column_1_3 et-last-child et_block_column et_pb_css_mix_blend_mode_passthrough\"><div class=\"et_pb_blurb_6 et_pb_blurb et_pb_bg_layout_dark et_pb_text_align_left et_pb_blurb_position_left et_pb_module et_block_module preset--module--divi-blurb--bbce268b-f422-440e-a4bb-45ec904f7cff\"><div class=\"et_pb_blurb_content\"><div class=\"et_pb_main_blurb_image\"><a href=\"https:\/\/divi.zae.pl\/wp-content\/uploads\/2025\/12\/Dobor_nastaw_CPZ_-_ZAE.pdf\"><span class=\"et_pb_image_wrap\"><span class=\"et-pb-icon et_animated et_animated\">\uf0e7<\/span><\/span><\/a><\/div><div class=\"et_pb_blurb_container\"><h4 class=\"et_pb_module_header\"><a href=\"https:\/\/divi.zae.pl\/wp-content\/uploads\/2025\/12\/Dobor_nastaw_CPZ_-_ZAE.pdf\">Dob\u00f3r nastaw w sygnalizatorach zwar\u0107 CPZ<\/a><\/h4><\/div><\/div><\/div><div class=\"et_pb_blurb_7 et_pb_blurb et_pb_bg_layout_dark et_pb_text_align_left et_pb_blurb_position_left et_pb_module et_block_module preset--module--divi-blurb--bbce268b-f422-440e-a4bb-45ec904f7cff\"><div class=\"et_pb_blurb_content\"><div class=\"et_pb_main_blurb_image\"><a href=\"https:\/\/divi.zae.pl\/wp-content\/uploads\/2025\/12\/DTR_CPZ-4.pdf\"><span class=\"et_pb_image_wrap\"><span class=\"et-pb-icon et_animated et_animated\">\uf0e7<\/span><\/span><\/a><\/div><div class=\"et_pb_blurb_container\"><h4 class=\"et_pb_module_header\"><a href=\"https:\/\/divi.zae.pl\/wp-content\/uploads\/2025\/12\/DTR_CPZ-4.pdf\">DTR CPZ-4<\/a><\/h4><\/div><\/div><\/div><\/div><\/div><\/div><div class=\"et_pb_section_1 et_pb_section et_section_regular et_block_section preset--module--divi-section--default\"><div class=\"et_pb_row_2 et_pb_row et_block_row\"><div class=\"et_pb_column_4 et_pb_column et_pb_column_4_4 et-last-child et_block_column et_pb_css_mix_blend_mode_passthrough\"><div class=\"et_pb_accordion_0 et_pb_accordion et_pb_module et_block_module preset--module--divi-accordion--default\"><div class=\"et_pb_accordion_item_0 et_pb_accordion_item et_pb_toggle et_pb_module et_pb_toggle_open et_block_module preset--module--divi-accordion-item--default\"><h5 class=\"et_pb_toggle_title\">CPZ-4<\/h5><div class=\"et_pb_toggle_content\"><div class=\"csc-header csc-header-n3\">\n<h2><a href=\"https:\/\/www.zae.pl\/sygnalizatory-cpz\/cpz-4\/\" style=\"font-size: 16px;\"><img loading=\"lazy\" decoding=\"async\" src=\"https:\/\/www.zae.pl\/fileadmin\/user_upload\/cpz-4\/CPZ-4.png\" width=\"203\" height=\"200\" alt=\"\" \/><\/a><\/h2>\n<\/div>\n<div class=\"csc-textpic csc-textpic-intext-right\">\n<div class=\"csc-textpic-text\">\n<p class=\"bodytext\">Sygnalizator zwar\u0107<span>\u00a0<\/span><b>CPZ<sup>\u00ae<\/sup>-4<\/b><span>\u00a0<\/span>jest urz\u0105dzeniem umo\u017cliwiaj\u0105cym szybk\u0105 identyfikacj\u0119 uszkodzenia w ci\u0105gach kablowych sieci SN (<b>w jednym lub dw\u00f3ch torach jednocze\u015bnie<\/b>). CPZ<sup>\u00ae<\/sup>-4 przeznaczony jest do sygnalizacji zwar\u0107 doziemnych i mi\u0119dzyfazowych.<br \/>Sygnalizator opcjonalnie mo\u017ce wsp\u00f3\u0142pracowa\u0107 z komparatorami pr\u0105du fazowego z wyj\u015bciami \u015bwiat\u0142owodowymi z przeznaczeniem do monta\u017cu na olejowej g\u0142owicy kablowej np. 3GOw-A (<b>nowo\u015b\u0107 !!!<\/b>).<\/p>\n<\/div>\n<\/div>\n<\/div><\/div><div class=\"et_pb_accordion_item_1 et_pb_accordion_item et_pb_toggle et_pb_module et_pb_toggle_close et_block_module preset--module--divi-accordion-item--default\"><h5 class=\"et_pb_toggle_title\">CPZ-4ZR<\/h5><div class=\"et_pb_toggle_content\"><p><b>Nowo\u015b\u0107!!!<span>\u00a0<\/span><\/b><span>Sygnalizator<\/span><b><span>\u00a0<\/span>CPZ<sup>\u00ae<\/sup>-4ZR<\/b><span>\u00a0dedykowany do z\u0142\u0105cz kablowych SN z radiow\u0105 komunikacj\u0105 do SCADA.<\/span><\/p>\n<\/div><\/div><div class=\"et_pb_accordion_item_2 et_pb_accordion_item et_pb_toggle et_pb_module et_pb_toggle_close et_block_module preset--module--divi-accordion-item--default\"><h5 class=\"et_pb_toggle_title\">CPZ-4Z<\/h5><div class=\"et_pb_toggle_content\"><div class=\"csc-textpic-imagewrap\">\n<div class=\"csc-textpic-image csc-textpic-last\"><a href=\"https:\/\/www.zae.pl\/sygnalizatory-cpz\/cpz-4z\/\"><img loading=\"lazy\" decoding=\"async\" src=\"https:\/\/www.zae.pl\/fileadmin\/user_upload\/cpz-4z\/CPZ-4z_new.png\" width=\"203\" height=\"200\" alt=\"\" \/><\/a><\/div>\n<\/div>\n<div class=\"csc-textpic-text\">\n<p class=\"bodytext\">Sygnalizator zwar\u0107\u00a0typu<span>\u00a0<\/span><b>CPZ<sup>\u00ae<\/sup>-4Z<\/b><span>\u00a0<\/span>to rozwini\u0119ta wersja urz\u0105dzenia<span>\u00a0<\/span><b>CPZ-4<sup>\u00ae<\/sup><\/b><span>\u00a0<\/span>przeznaczona do sygnalizacji zwar\u0107 doziemnych i mi\u0119dzyfazowych. Przystosowany do pracy w z\u0142\u0105czach kablowych, w kt\u00f3rych brak jest dodatkowych napi\u0119\u0107 umo\u017cliwiaj\u0105cych zasilanie centralki sygnaliza<\/p>\n<\/div>\n<\/div><\/div><div class=\"et_pb_accordion_item_3 et_pb_accordion_item et_pb_toggle et_pb_module et_pb_toggle_close et_block_module preset--module--divi-accordion-item--default\"><h5 class=\"et_pb_toggle_title\">CPZ-4S<\/h5><div class=\"et_pb_toggle_content\"><p class=\"bodytext\"><img decoding=\"async\" src=\"https:\/\/www.zae.pl\/fileadmin\/_processed_\/csm_CPZ_4S_887500928d.png\" \/><\/p>\n<p class=\"bodytext\">Sygnalizator zwar\u0107<span>\u00a0<\/span><b>CPZ<sup>\u00ae<\/sup>-4S<\/b><span>\u00a0<\/span>jest wyposa\u017cony w interfejs komunikacyjny RS-485 z protoko\u0142em Modbus RTU, kt\u00f3ry umo\u017cliwia komunikacj\u0119 ze sterownikami telemechaniki lub za pomoc\u0105 modemu GSM np. AS30GSM80IC wysy\u0142a\u0107 informacj\u0119 o zwarciach do SCADY.<\/p>\n<p class=\"bodytext\">Ta funkcjonalno\u015b\u0107 umo\u017cliwia zdalny odczyt stanu sygnalizatora, jego konfiguracje jak i modyfikacje nastaw (<b>nowo\u015b\u0107 !!!<\/b>).<\/p>\n<\/div><\/div><div class=\"et_pb_accordion_item_4 et_pb_accordion_item et_pb_toggle et_pb_module et_pb_toggle_close et_block_module preset--module--divi-accordion-item--default\"><h5 class=\"et_pb_toggle_title\">CPZ-1M<\/h5><div class=\"et_pb_toggle_content\"><div class=\"csc-textpic-imagewrap\">\n<div class=\"csc-textpic-image csc-textpic-last\"><a href=\"https:\/\/www.zae.pl\/sygnalizatory-cpz\/cpz-1m\/\"><img loading=\"lazy\" decoding=\"async\" src=\"https:\/\/www.zae.pl\/fileadmin\/user_upload\/cpz-1m\/CPZ-1M_m.png\" width=\"200\" height=\"188\" alt=\"\" \/><\/a><\/div>\n<\/div>\n<div class=\"csc-textpic-text\">\n<p class=\"bodytext\">Sygnalizator zwar\u0107 CPZ<sup>\u00ae<\/sup>-1M jest urz\u0105dzeniem umo\u017cliwiaj\u0105cym szybk\u0105 identyfikacj\u0119 uszkodzenia w ci\u0105gach kablowych sieci SN w jednym torze, przeznaczony jest do sygnalizacji zwar\u0107 doziemnych i mi\u0119dzyfazowych.<\/p>\n<p class=\"bodytext\">Sygnalizator zwar\u0107 CPZ<sup>\u00ae<\/sup>-1M (wersja 1) jest wyposa\u017cony w styki przeka\u017anikowe do wsp\u00f3\u0142pracy ze sterownikami telemechaniki.<\/p>\n<p class=\"bodytext\">Sygnalizator zwar\u0107 CPZ<sup>\u00ae<\/sup>-1M (wersja 2) jest wyposa\u017cony w interfejs komunikacyjny RS-485 z protoko\u0142em Modbus RTU, kt\u00f3ry umo\u017cliwia komunikacj\u0119 ze sterownikami telemechaniki lub za pomoc\u0105 modemu GSM (DNP3) np. AS30GSM80IC mo\u017cna wysy\u0142a\u0107 informacj\u0119 o zwarciach do SCADY. Ta funkcjonalno\u015b\u0107 umo\u017cliwia zdalny odczyt stanu sygnalizatora.<\/p>\n<p class=\"bodytext\">Sygnalizator zwar\u0107 CPZ<sup>\u00ae<\/sup>-1M (wersja 3) jest wyposa\u017cony w styki przeka\u017anikowe do wsp\u00f3\u0142pracy ze sterownikami telemechaniki, mo\u017ce wsp\u00f3\u0142pracowa\u0107 z komparatorami pr\u0105du fazowego z wyj\u015bciami \u015bwiat\u0142owodowymi z przeznaczeniem do monta\u017cu na olejowej g\u0142owicy kablowej np. 3GOw-A.<\/p>\n<\/div>\n<\/div><\/div><div class=\"et_pb_accordion_item_5 et_pb_accordion_item et_pb_toggle et_pb_module et_pb_toggle_close et_block_module preset--module--divi-accordion-item--default\"><h5 class=\"et_pb_toggle_title\">CPZ-3MFS<\/h5><div class=\"et_pb_toggle_content\"><p class=\"bodytext\"><b>UWAGA! CPZ<sup>\u00ae<\/sup>-3MFS - zosta\u0142 wycofany z produkcji<\/b><\/p>\n<p class=\"bodytext\"><b><img decoding=\"async\" src=\"https:\/\/www.zae.pl\/fileadmin\/user_upload\/cpz-3mfs\/CPZ-3MFS.png\" \/><\/b><\/p>\n<p class=\"bodytext\">Sygnalizator zwar\u0107 CPZ<sup>\u00ae<\/sup>-3MFS jest urz\u0105dzeniem pomiarowo-sygnalizacyjnym, umo\u017cliwiaj\u0105cym szybk\u0105 identyfikacj\u0119 uszkodzenia w ci\u0105gach kablowych sieci SN. CPZ<sup>\u00ae<\/sup>-3MFS przeznaczony jest do sygnalizacji zwar\u0107 doziemnych i mi\u0119dzyfazowych.<\/p>\n<\/div><\/div><div class=\"et_pb_accordion_item_6 et_pb_accordion_item et_pb_toggle et_pb_module et_pb_toggle_close et_block_module preset--module--divi-accordion-item--default\"><h5 class=\"et_pb_toggle_title\">CPZ-3MFA<\/h5><div class=\"et_pb_toggle_content\"><p class=\"bodytext\"><span>Produkt wycofany z produkcji, zast\u0105piony przez CPZ-3MFS.<\/span><\/p>\n<\/div><\/div><\/div><\/div><\/div><\/div>\n","protected":false},"excerpt":{"rendered":"","protected":false},"author":2,"featured_media":0,"parent":0,"menu_order":0,"comment_status":"closed","ping_status":"closed","template":"","meta":{"footnotes":""},"class_list":["post-144","page","type-page","status-publish","hentry"],"_links":{"self":[{"href":"https:\/\/divi.zae.pl\/index.php\/wp-json\/wp\/v2\/pages\/144","targetHints":{"allow":["GET"]}}],"collection":[{"href":"https:\/\/divi.zae.pl\/index.php\/wp-json\/wp\/v2\/pages"}],"about":[{"href":"https:\/\/divi.zae.pl\/index.php\/wp-json\/wp\/v2\/types\/page"}],"author":[{"embeddable":true,"href":"https:\/\/divi.zae.pl\/index.php\/wp-json\/wp\/v2\/users\/2"}],"replies":[{"embeddable":true,"href":"https:\/\/divi.zae.pl\/index.php\/wp-json\/wp\/v2\/comments?post=144"}],"version-history":[{"count":18,"href":"https:\/\/divi.zae.pl\/index.php\/wp-json\/wp\/v2\/pages\/144\/revisions"}],"predecessor-version":[{"id":781,"href":"https:\/\/divi.zae.pl\/index.php\/wp-json\/wp\/v2\/pages\/144\/revisions\/781"}],"wp:attachment":[{"href":"https:\/\/divi.zae.pl\/index.php\/wp-json\/wp\/v2\/media?parent=144"}],"curies":[{"name":"wp","href":"https:\/\/api.w.org\/{rel}","templated":true}]}}